t t = f + -592. What are the prime factors of t?
2, 3, 5
Let b(i) = -i**2 + i + 2. Let g be b(2). Suppose g = -5*h - 3*c + 165, 4*c + 0*c + 40 = 2*h. List the prime factors of h.
2, 3, 5
What are the prime factors of 1450*(-1 + -3)/(-8)?
5, 29
Let n(z) = 14*z - 20. Let g be n(-11). Let p = g - -264. List the prime factors of p.
2, 3, 5
Suppose 5*d + 45 = -4*a, 69 = -5*a + d - 9. Let f = -7 - a. Suppose 3*r + 10 = f*r. List the prime factors of r.
2
Suppose -2*s + 2968 = 4*q, 70*q - 2968 = 66*q + 5*s. What are the prime factors of q?
2, 7, 53
Let r be (-340)/(-35) - (-4)/14. Let f be 4/(-10) - (-35)/25. Let x = r - f. List the prime factors of x.
3
Let v be (-2 + 2)/(-1) - -4. Suppose 0 = -2*n + i + 17, 27 = -v*n - 5*i + 68. List the prime factors of n/(-36) - 117/(-4).
29
Let y be (-3)/15*-5*1. List the prime factors of ((-15)/(-20))/(y/20).
3, 5
Let b = 717 - -253. What are the prime factors of b?
2, 5, 97
Suppose 4*z = z + 9. Suppose z*k - 41 = -4*n - n, -3*n = -k - 19. List the prime factors of (-3 - -5)*n/2.
7
Let f = 6 + -4. Let p be (-100)/(-8)*(2 - 0). Suppose p = -u + f*u. What are the prime factors of u?
5
Let m = 93 + -97. Let l(z) = 16*z**2 + 8*z - 10. List the prime factors of l(m).
2, 107
Suppose -2*a + 3 = -5, -3*a = 4*h - 884. What are the prime factors of h?
2, 109
Suppose -16 = -5*d - 4*c, 4*d + 3*c - 4 = 2*c. Suppose -a + 16 = b, -2*a + 4*b + 0*b + 32 = d. What are the prime factors of a?
2
Let f be (-2)/(-7) - (-76)/28. Suppose -5*t = -f*t - 6. Suppose t*c = -q + 32, -3*q - 17 = -c + 7. What are the prime factors of c?
2, 3
Let p = 145 + 786. List the prime factors of p.
7, 19
Let a(k) = 390*k - 557. List the prime factors of a(4).
17, 59
Suppose 5*r = 3*s - 116, 4*r - 106 - 28 = -3*s. What are the prime factors of s?
2, 3, 7
Let p = 679 + -299. List the prime factors of p.
2, 5, 19
Let p(c) = 3*c**3 + 3*c**2 + 2*c - 2. List the prime factors of p(4).
2, 3, 41
Suppose -5*h + 3056 = a, 4*h = 2*h - a + 1220. List the prime factors of h.
2, 3, 17
Let i(u) = -107*u**3 - 8*u - 8. What are the prime factors of i(-2)?
2, 3
Let r(o) = 2*o + 45. Suppose -7*b - 21 = 63. What are the prime factors of r(b)?
3, 7
Let k(l) = 113*l**3 + 8*l**2 - 35*l + 6. List the prime factors of k(3).
2, 3, 7
Suppose -4*l = -3*f + 5, -2*f + l = -l - 4. Let w be 7 - 4/(-1 - f). Suppose -w*p + 6*p = -10. What are the prime factors of p?
5
Suppose 4*a - 10 = -2*d, 5*d + 10 = a - 9. Suppose 1 = m + a. Let f(h) = -2*h**3 - 3*h**2 - h + 4. List the prime factors of f(m).
2, 17
Let s be 27/2 - 6/12. Suppose 3*p + 2*n = -7, 6*p - p + s = -3*n. Let h = p - -25. What are the prime factors of h?
2, 5
Suppose 7766 = 7*v + 1214. List the prime factors of v.
2, 3, 13
Let s be ((-2)/4)/((-98)/48 - -2). Suppose 16*g - s*g - 904 = 0. What are the prime factors of g?
2, 113
Let w = 36 - -76. Suppose w = -3*t + 2*t. List the prime factors of ((-22)/(-4))/((-14)/t).
2, 11
Let t(v) = v**3 + 6*v**2 + 6*v - 2. Let l be t(-5). Let f = l - -8. Suppose 61 = 3*w + f. What are the prime factors of w?
2, 5
Suppose -6 = -3*a, -3237 - 571 = -4*i - 2*a. List the prime factors of i.
3, 317
Suppose -2*l - 2*l = -3*t + 6113, -3*t + 6097 = 4*l. What are the prime factors of t?
5, 11, 37
What are the prime factors of 16926/28 - 15 - (-1)/(-2)?
19, 31
Let b(x) = -x**2 + 15*x - 20. Let c be b(10). Let l = 14 + c. What are the prime factors of l?
2, 11
Let w be (2/4*0)/3. Suppose -5*i = 4*d - 55 - 15, -3*i - 3*d + 42 = w. List the prime factors of (-1 + i)/(5 + -4).
13
Let c(g) = -41*g - 85. List the prime factors of c(-5).
2, 3, 5
Let u = -5 + 3. Let m = u + -4. Let y = 19 + m. List the prime factors of y.
13
Suppose 4*a - 231 = 11*a. What are the prime factors of (-1 - a/(-12))*(-220)/5?
3, 5, 11
List the prime factors of (1074/9 - 0)*(-9)/(-2).
3, 179
Suppose k = 3, -4*m - 3*k = -0*k - 57. Suppose 0 = -m*r - r + 1196. List the prime factors of r.
2, 23
Suppose 1184 = 2*h + 2*l, 0*l + 3*l = 4*h - 2347. List the prime factors of h.
19, 31
Let m = 186 + 539. What are the prime factors of m?
5, 29
What are the prime factors of -119*2*(-17 + 10)?
2, 7, 17
Suppose 74 = r + h, -5*r + h = -0*h - 352. Let u = r - 35. List the prime factors of u.
2, 3
Suppose -2*f = -0*f - 362. Let i = -85 + f. Suppose 4*y = 56 + i. List the prime factors of y.
2, 19
Let x = -180 + 320. List the prime factors of x.
2, 5, 7
Suppose -9*v + 4*t + 9452 = -5*v, -v - 4*t = -2338. What are the prime factors of v?
2, 3, 131
Suppose -t - 171 = 5*i + 57, -3*i = -2*t + 142. Let b = -34 - i. List the prime factors of b.
2, 3
Let s be (-2)/(-8) + 2/16*14. What are the prime factors of ((-1)/s + 2)*10?
3, 5
Let j(y) = 6*y + 79. List the prime factors of j(-5).
7
Suppose 18*f + 5*o = 16*f + 1284, -o = 2*f - 1268. What are the prime factors of f?
2, 79
Let n = -106 + 110. Suppose 0 = n*b + k - 809 - 160, 3 = -k. What are the prime factors of b?
3
Suppose 32 = -2*u + 3*f, -4*u + 15 = 2*f + 79. What are the prime factors of 24/u*176/(-6)?
2, 11
Let p be (-7)/2 + 7/(-14). List the prime factors of p/6 + 149/3.
7
Let y = 1036 + -1005. What are the prime factors of y?
31
Suppose 12*n - 14*n - 5*i + 4976 = 0, -3*n = 4*i - 7457. What are the prime factors of n?
13, 191
Suppose 0*y + 1060 = 2*y + 5*h, 0 = 5*y - 4*h - 2617. List the prime factors of y.
3, 5, 7
Suppose -v = -2*y + 8, -2*v - 5 = 3*y + 32. Let p = v + 10. List the prime factors of 1/(-8)*p*130.
5, 13
Let f = 60 - -396. What are the prime factors of f?
2, 3, 19
Let r be 6/(-33) + 25644/(-44). Let i = r - -916. Suppose -5*x + 85 = s, -2*x + i = 7*s - 2*s. What are the prime factors of s?
5, 13
Suppose 56*c = 60*c - 1688. List the prime factors of c.
2, 211
What are the prime factors of 3/(12/3544) + (7 - 8)?
3, 5, 59
Let y be 9/((-9)/4) + 17. Suppose -y*g + 9*g = -172. What are the prime factors of g?
43
Suppose -6*b + 5*q = -2*b - 3378, -b = 2*q - 838. What are the prime factors of b?
2, 421
Let s(a) = -69*a**3 - 2*a**2 - 5*a - 10. Let m be s(-2). Let h = m - 372. List the prime factors of h.
2, 43
Let s be (16/10)/(14/35). Suppose s = -0*m - 2*m. List the prime factors of (-39 - (-2 - -5))/m.
3, 7
List the prime factors of 816*4*1/6.
2, 17
Let l be 22*2/12 - (-1)/3. What are the prime factors of l/10 + 4340/25?
2, 3, 29
Let v be (10/5 + -9)/((-2)/2). Suppose 18 = 3*t - t + 2*c, t - c = v. List the prime factors of t.
2
Let t(u) = -61*u - 120. What are the prime factors of t(-15)?
3, 5, 53
Let x = 5667 + -3000. List the prime factors of x.
3, 7, 127
Let o(r) = 4*r**2 + 28*r + 60. What are the prime factors of o(-25)?
2, 3, 5, 31
Suppose -5*v = -34 + 4. Suppose 11*h - v*h = 10. Suppose 31 = h*x - 25. What are the prime factors of x?
2, 7
Suppose 8*y + 70 = -26. What are the prime factors of 4/y - 103/(-3)?
2, 17
Let z(p) = p**3 + 8*p**2 - 3*p - 7. Let f = -75 + 67. What are the prime factors of z(f)?
17
Let y(m) = 3*m**3 - 6*m**2 + 2*m - 1. Let o = 17 - 19. Let p(j) = -j**3. Let h(s) = o*p(s) - y(s). What are the prime factors of h(3)?
2, 11
Suppose 0 = -4*r + 12. Suppose -3*g = r*k - 12, -2*k + 8 = 3*g + 1. What are the prime factors of k?
5
Let r(i) be the first derivative of i**4/4 + 13*i**3/3 - i**2/2 + 8*i - 1. Let s = 3 - 16. List the prime factors of r(s).
3, 7
Suppose l = -5*o - 0*o - 13, l - o = -25. Let j be 138/4 - (-2)/4. Let h = j + l. What are the prime factors of h?
2, 3
Let s(g) = g + 21. Suppose -i - 12 - 4 = 0. Let h = -16 - i. What are the prime factors of s(h)?
3, 7
Let d(m) = -m**2 + 14*m + 11. Let y be d(12). Suppose -t = -q + y, -3*q + 0*t - 2*t = -90. What are the prime factors of q?
2
Suppose -2*o = 5*p - 284, 32 = -2*p + 4*o + 160. What are the prime factors of p?
2, 29
Suppose -5*k = -4*s + 368, s - 2*k - 92 = 2*k. What are the prime factors of (s + 2)*(12/3)/4?
2, 47
Let m be 4*(39/12 + -4). Let j = 24 - m. List the prime factors of j.
3
Let o = -16 + 21. Suppose -o*y = -2*r - 156, -4*r - 2 = -10. List the prime factors of y.
2
Let x(r) = -r**3 - 4*r**2 - r - 1. Let j be 18/(-5) + 10/(-25). Let v be x(j). Suppose 0 = -z + v. What are the prime factors of z?
3
Suppose o - 5*f = -24, 0*f = 2*o - 4*f + 18. Suppose -o = z - 2*z. List the prime factors of 13/z - (0 + 2).
11
Let x(q) = q**2 + 10*q + 15. Suppose 2*l + 2*l - 4 = 0, l - 12 = t. List the pr